d(j) - 3*v(j). What are the prime factors of q(9)?
2
Suppose -5 = 5*z - 4*r, 4*z + r - 14 = 3. Suppose 5*x = z*x + 8. Suppose -35 = -x*h - h. What are the prime factors of h?
7
Let c be (4/(-6))/((-14)/189). Suppose 3*x - c = 2*x. What are the prime factors of x?
3
Suppose 8*o = u + 3*o - 112, 5*o - 316 = -3*u. What are the prime factors of u?
107
Let h = 420 + -287. List the prime factors of h.
7, 19
Let h be (-28)/7*14/(-8). Let r = h - 1. What are the prime factors of r?
2, 3
Suppose -6*i + 16 = -2*i. Suppose 3*w = 5*o - 17, w = -4*w - i*o - 90. List the prime factors of (w/(-6) - 2)*12.
2
Let s be 252/(-10) + (-12)/(-60). What are the prime factors of 3*(0 + s/(-3))?
5
Let c be -6*2/(-4) + -3. What are the prime factors of 36/2 - (c + 3)?
3, 5
Let q = -205 - -312. What are the prime factors of q?
107
Suppose 2*g + 15 = 3*u, -2*g + 25 = 5*u + 2*g. Suppose 3*q - 5*t = 134, 3*t + 206 = u*q - t. List the prime factors of q.
2, 19
Let v(t) = -4*t - 2. Let n be v(7). Let c be 10/(-35) + n/(-7). What are the prime factors of (-8)/(2/c - 1)?
2
Suppose 0 = 2*j - 5*j + 204. List the prime factors of j.
2, 17
Suppose 9*y = 4*y + 1035. List the prime factors of y.
3, 23
Let o = -28 - -85. List the prime factors of o.
3, 19
What are the prime factors of -4*(286/(-4) + 3)?
2, 137
Suppose 3*z = 4*y + 41, -5*z = -y - y - 87. Let n be (-2)/6 + 1190/42. Let b = n - z. What are the prime factors of b?
3
Let g = 9 - 16. Let f(a) = a**3 + 6*a**2 - 5*a + 3. Let k be f(g). Let s = k - -23. List the prime factors of s.
2, 3
Let j(p) = 13*p + 1. Let q be j(-7). List the prime factors of q/(-4) - (-6)/(-12).
2, 11
Suppose 2*n - 60 = 7*n. Let i = 33 + n. List the prime factors of i.
3, 7
List the prime factors of (-12 - (3 - 2))*10/(-1).
2, 5, 13
Let d(l) = -l**3 - 4*l**2 - l. Let i be d(-4). Suppose 3*q - 2*y = 7, i*q + 7*y = 2*y + 40. Let o = q - -5. What are the prime factors of o?
2, 5
Suppose -2*n - 4*z - 134 = 0, -6*z + 4*z - 217 = 3*n. Let r = -53 - n. What are the prime factors of r?
2, 11
Suppose 5*h = c - 266, -2*c + 614 = 4*h + 68. What are the prime factors of c?
271
What are the prime factors of (0 - -4) + 37 + -4?
37
Suppose 6*s = 2*s - 2*i + 56, -2*s + 2*i + 16 = 0. Let m be 6/8 + 15/s. Suppose 0*t - m*t + 18 = 0. What are the prime factors of t?
3
Let t = 24 + -17. What are the prime factors of (-3)/2 - t/(-2)?
2
Suppose 5*z = 129 + 36. Let t = z - 15. What are the prime factors of t?
2, 3
Suppose -4*l + 12 = -0*l. List the prime factors of 71/l - 8/12.
23
Let j = 52 + -20. What are the prime factors of j?
2
Suppose 0 = -b - 4*b + 20. Suppose 0 = -7*k + 6*k + b. What are the prime factors of k?
2
Suppose 14 = -x + 5*h, 0 = 2*x - 7*x - 4*h + 17. Let k(z) = 6*z**2 - 1. List the prime factors of k(x).
5
Suppose 2*v = -4*h + 202, -3*h = 4*v - 3*v - 152. What are the prime factors of h?
3, 17
Let z be (5 - 5) + 15*2. Let r be (-2)/(-7) + (-26)/(-7). Suppose 2*o + 0*a = r*a + z, -5*o + a + 48 = 0. What are the prime factors of o?
3
Let k(g) = g**3 - 9*g**2 + 9*g - 8. Let t be k(8). Suppose t*u = -u + 15. List the prime factors of u.
3, 5
Suppose -41 - 63 = -4*k. Suppose 0 = 5*a + k - 116. List the prime factors of a.
2, 3
Let z be 3/5 + (-70)/(-50). Suppose -z*g + 166 = 3*t + 2*g, -g = -4*t + 196. List the prime factors of t.
2, 5
Suppose -3*s + 2*s + 4*t = -14, 5*s + 4*t = 22. Suppose 0 = c + 2*c - s. List the prime factors of c.
2
Let m(j) = j + 6. Let s be m(-6). Suppose 0*a - 15 = 3*a. What are the prime factors of (-5)/a + (3 - s)?
2
Suppose 5*r + 24 = 2*r. What are the prime factors of ((-60)/r)/(1/2)?
3, 5
Suppose 0 = -2*w + 3*n + 20, 5*w + n = 4*n + 32. What are the prime factors of w?
2
Let m = 89 - 23. List the prime factors of m.
2, 3, 11
Let v be 3*((-15)/9 + 1). List the prime factors of v/(7/(147/(-6))).
7
Let i(k) = -2*k**3 - 6*k**2 - 3*k - 4. Let h be i(-4). Suppose -t - 24 = b, 4*t = 2*b - t + 76. Let n = h + b. List the prime factors of n.
2, 3
Suppose 0 = -4*j + 5*c + 90, 0 = j - 2*c + 3*c - 27. Let o = j - 5. What are the prime factors of o?
2, 5
Suppose 2 = -o, -g - 7*o = -3*o. Suppose -2*z + z = -g. What are the prime factors of z?
2
Let a(p) = -p**3 + 15*p**2 - 12*p - 24. List the prime factors of a(14).
2
Let r = 125 - 27. Suppose -5*o = 2*k - 229, r = 2*o + 2*k + 2*k. Suppose -w + o = 4*w. What are the prime factors of w?
3
Suppose q + 32 - 35 = 0. Let p(i) be the third derivative of i**5/60 - i**4/24 + 2*i**3/3 - i**2. List the prime factors of p(q).
2, 5
Let f(s) = -s**3 + 8*s**2 + 6*s + 12. Let r be f(9). Let n = 11 - 36. Let t = r - n. List the prime factors of t.
2, 5
Let v = 125 + -70. What are the prime factors of v?
5, 11
Let u(p) = -p**2 + 10*p - 10. Let r be u(8). Suppose -3*q + r*q = -75. Let i = 41 + q. What are the prime factors of i?
2
Suppose -4*z = g - 310 - 519, g = -z + 211. What are the prime factors of z?
2, 103
Suppose 0 = -w + 5*w - 104. Let f = w + -15. List the prime factors of f.
11
What are the prime factors of (8 - 2)*102/9?
2, 17
Let g = 65 - 38. List the prime factors of g.
3
Let s be (2 - (0 - -2)) + 3. Suppose s*d = l + l - 3, -4*d + 7 = l. What are the prime factors of l?
3
Let z(s) = 14*s - 16. List the prime factors of z(5).
2, 3
Suppose -w - 5 - 6 = 0. Let r(t) = t**3 + 12*t**2 + 12*t + 16. Let q be r(w). Suppose 3*n + 8 = -q*s + 61, -4*s + n + 56 = 0. What are the prime factors of s?
13
Suppose 5*o - n - 103 = -5*n, 61 = 2*o - 5*n. Let b = -15 + o. List the prime factors of b.
2
Let z be 0 + 135/(-60)*8/(-6). Suppose 0*p + 4*p = 0. Suppose -75 = -z*j - 3*d, p = j - 0*d - 4*d. List the prime factors of j.
2, 5
Let v be (-3)/(5/((-20)/3)). Let b(l) = l + 7. Let a be b(-5). Suppose 8 = v*k, 7 = -a*f - 5*k + 41. What are the prime factors of f?
2, 3
Suppose -4*t = w + 9 + 7, 5*w + 5 = -5*t. Let r be w/(-6) + (-17)/(-3). Suppose -z - r = -8. List the prime factors of z.
3
Let w(r) = r**2 + 8*r + 1. Let i be w(-4). Let k = -11 - i. Suppose -s + 40 = k*s. What are the prime factors of s?
2
Suppose -m = v - 236, -2*m + 5*v = m - 676. List the prime factors of m.
2, 29
List the prime factors of (-41)/(-1) - (-9)/((-36)/(-8)).
43
Suppose -219 + 79 = -5*h. Suppose -3*p + 8*p = -2*g + h, 0 = -p - 4. What are the prime factors of g?
2, 3
Let c(b) = b - 3 + 4*b + b + 0*b. Let s be c(3). Suppose -3*j + 8*j + 5*l = s, 0 = 3*j - 5*l - 25. What are the prime factors of j?
5
Suppose -a + v = 3*v - 8, 14 = 5*a - 3*v. Suppose -q = -a*r - 7 - 18, -5*r = -q + 26. Suppose -t + q = 2*y, -y + 4*t + 1 = 4. What are the prime factors of y?
3
Let r(u) = 3*u**2 + 5*u + 5. Let a be r(-4). Suppose -a = -2*v - v. What are the prime factors of v?
11
Let y be 38/5 - (-4)/10. Let z = y - 3. List the prime factors of z.
5
Let w be (8 - 2)*1/2. Suppose -2 = -c + v, -w*v = 3*c - 4*v + 2. List the prime factors of (1/c)/(5/(-20)).
2
Let v(d) = -4*d**3 + 20*d**2 - 25*d - 20. Let p(u) = -u**3 + 5*u**2 - 6*u - 5. Let w(t) = -9*p(t) + 2*v(t). What are the prime factors of w(4)?
5
Let v = -4 - -5. What are the prime factors of (-6)/(-4)*(1 + v)?
3
What are the prime factors of 3 + (3 + -2)*4?
7
Let g(a) = a - 1. Let c be g(5). Suppose 0 = -c*p - 14 - 10. Let z(h) = h + 13. List the prime factors of z(p).
7
Let i = 38 - 28. What are the prime factors of i?
2, 5
Let j(s) = 3*s**2 - 8*s + 4. Let f(v) = v**2 - 4*v + 2. Let q(z) = -z + 2. Let m be q(-3). Let n(b) = m*f(b) - 2*j(b). What are the prime factors of n(-3)?
5
Suppose 2*x - p + 5 = -0, 5*x + p = 5. Let d = 7 + x. What are the prime factors of d?
7
Suppose -3*r = -0*r + 6, 0 = 5*m - 3*r - 86. Let s be (-1)/(-2)*m/4. Suppose 3*a = 5*p + 10, s*a = p - 4*p + 32. List the prime factors of a.
2, 5
Let k = 12 - 7. Let s = 8 - k. Suppose 22 - 1 = s*q. List the prime factors of q.
7
Let v = -8 - -9. List the prime factors of (3 + -2)/(v/23).
23
Let k = 30 - 42. What are the prime factors of k/(-24)*(1 + 51)?
2, 13
Suppose 5*h = h. Suppose 2*z - 5 + 1 = h. Suppose -3*f + 12 = -2*g, -f + 10 = f - z*g. List the prime factors of f.
2
Suppose 4*r = -110 - 42. Let d = -15 - r. List the prime factors of d.
23
Suppose 3*f - 43 = 5*a, 8*f = 3*f + 3*a + 45. What are the prime factors of f/18*(-15)/(-1)?
5
Let v(f) = 2*f - 10. Let w be v(8). Suppose -p + 3*c = -w, -3 = -p + 5*c + 5. List the prime fa